NOAA Reports/Αναφορές NOAA

Select a Year or Month report
2017 > Jan Feb Mar Apr May Jun Jul Aug Sep Oct Nov Dec
2016 > Jan Feb Mar Apr May Jun Jul Aug Sep Oct Nov Dec
2015 > Jan Feb Mar Apr May Jun Jul Aug Sep Oct Nov Dec
2014 > Jan Feb Mar Apr May Jun Jul Aug Sep Oct Nov Dec

Report for 2017 09
                   MONTHLY CLIMATOLOGICAL SUMMARY for SEP. 2017

NAME: mesoxorio   CITY: Mesoxorio   STATE: Greece 
ELEV:   300 m  LAT:  35 00' 00" N  LONG:  25 12' 00" E

                   TEMPERATURE (C), RAIN  (mm), WIND SPEED (km/hr)

                                      HEAT  COOL        AVG
    MEAN                              DEG   DEG         WIND                 DOM
DAY TEMP  HIGH   TIME   LOW    TIME   DAYS  DAYS  RAIN  SPEED HIGH   TIME    DIR
------------------------------------------------------------------------------------
 1  22.7  27.6   14:20  18.8    4:00   0.0   4.4   0.0   8.0  35.4   16:30    NE
 2  25.8  31.3   15:20  21.2    2:20   0.0   7.5   0.0   8.5  33.8   15:40    SE
 3  28.1  34.6   15:50  21.9    3:50   0.0   9.8   0.0   5.6  30.6   13:30    SE
 4  25.4  31.7   14:50  19.1    7:30   0.0   7.1   0.0   5.5  27.4   13:20    NE
 5  24.4  31.2   14:10  17.3    6:30   0.0   6.1   0.0   4.0  25.7   14:10    SE
 6  22.4  25.8   15:00  18.1   23:50   0.0   4.1   0.0  10.0  43.5   15:20    NE
 7  22.4  27.9   15:50  18.2    0:10   0.0   4.1   0.0   6.0  29.0   12:00    NE
 8  23.1  29.6   13:20  14.2    6:40   0.4   5.2   0.0   3.4  22.5   15:00   ENE
 9  23.6  31.7   14:10  15.2    8:00   0.4   5.7   0.0   4.2  27.4   17:10     W
10  26.1  34.7   16:00  17.6    7:20   0.0   7.8   0.0   4.0  30.6   14:00   WNW
11  27.4  35.6   13:20  18.4    6:50   0.0   9.1   0.0   3.7  32.2   15:40   WSW
12  25.5  30.1   13:40  21.1   00:00   0.0   7.2   0.0   7.7  32.2   15:00     W
13  23.3  30.5   13:30  16.8    5:50   0.2   5.2   0.0   4.7  33.8   13:30   ENE
14  25.1  30.7   15:40  20.9    4:20   0.0   6.8   0.0   7.9  40.2   15:50    SE
15  24.9  30.8   15:20  19.5    6:40   0.0   6.6   0.0   6.6  29.0   10:50    SE
16  24.9  31.2   15:40  17.9    5:40   0.0   6.6   0.0   5.5  29.0   17:10    SE
17  25.8  31.7   14:10  21.2    5:50   0.0   7.6   0.0   6.8  30.6   15:40    SE
18  29.6  35.7   15:20  23.9    2:40   0.0  11.2   0.0   6.1  29.0   14:10    SE
19  28.5  38.2   14:00  18.1    7:20   0.0  10.2   0.0   5.6  37.0   16:30     W
20  25.8  34.3   12:10  17.1    6:50   0.0   7.5   0.0   6.4  38.6   13:00   WNW
21  23.3  27.9   13:30  19.2   00:00   0.0   5.0   0.0   9.5  45.1   16:10     W
22  20.8  25.7   14:30  15.5    4:20   0.2   2.7   0.0   7.1  35.4   15:20    SE
23  20.4  25.7   13:30  15.1    7:20   0.4   2.5   0.0   4.2  33.8   13:30    SE
24  20.3  24.8   15:20  15.7    3:10   0.3   2.2   0.0   5.5  32.2   11:30   NNE
25  19.7  26.2   13:00  15.4    7:50   0.3   1.2   0.0   2.3  19.3   13:10   SSE
26
27
28
29
30
-------------------------------------------------------------------------------------
    24.4  38.2    19    14.2     8     2.2 153.3   0.0   5.9  45.1    21      SE

Max >=  32.0:  6
Max <=   0.0:  0
Min <=   0.0:  0
Min <= -18.0:  0
Max Rain: 0.00 ON 01/09/17
Days of Rain: 0 (> .2 mm) 0 (> 2 mm) 0 (> 20 mm)
Heat Base:  18.3  Cool Base:  18.3  Method: Integration