NOAA Reports/Αναφορές NOAA

Select a Year or Month report
2017 > Jan Feb Mar Apr May Jun Jul Aug Sep Oct Nov Dec
2016 > Jan Feb Mar Apr May Jun Jul Aug Sep Oct Nov Dec
2015 > Jan Feb Mar Apr May Jun Jul Aug Sep Oct Nov Dec
2014 > Jan Feb Mar Apr May Jun Jul Aug Sep Oct Nov Dec

Report for 2017 11
                   MONTHLY CLIMATOLOGICAL SUMMARY for NOV. 2017

NAME: mesoxorio   CITY: Mesoxorio   STATE: Greece 
ELEV:   300 m  LAT:  35 00' 00" N  LONG:  25 12' 00" E

                   TEMPERATURE (C), RAIN  (mm), WIND SPEED (km/hr)

                                      HEAT  COOL        AVG
    MEAN                              DEG   DEG         WIND                 DOM
DAY TEMP  HIGH   TIME   LOW    TIME   DAYS  DAYS  RAIN  SPEED HIGH   TIME    DIR
------------------------------------------------------------------------------------
 1  14.2  16.4   12:20  12.1   20:10   4.1   0.0   0.0   6.1  33.8   12:30   NNE
 2  13.2  15.9   14:00  11.3   23:00   5.1   0.0   0.0   5.1  30.6   16:00    NE
 3  14.8  20.2   14:50  10.9    0:40   3.7   0.1   0.0   3.1  27.4   16:20    SE
 4  13.9  19.8   13:40   9.0    3:00   4.5   0.1   3.0   4.0  35.4   14:20   WNW
 5  14.1  17.4   12:20  12.1    4:00   4.2   0.0   0.0   7.9  38.6   14:00   NNW
 6  13.9  19.2   15:00   9.2   00:00   4.4   0.0   0.0   3.9  24.1   12:30   SSE
 7  13.5  20.4   15:00   5.6    7:00   5.1   0.3   0.0   2.3  27.4   12:40    SE
 8  16.0  22.6   14:20  10.2    3:00   3.2   0.9   0.0   2.3  20.9   11:30    SE
 9  16.2  21.9   13:00  10.2    5:50   2.6   0.5   0.2   2.7  20.9   15:30    SE
10  15.6  20.4   14:00  12.0   23:00   2.9   0.2   0.0   3.5  22.5   13:00    SE
11  14.0  20.4   14:20   6.3    6:40   4.7   0.4   0.0   2.4  24.1   13:20    SW
12  15.7  18.7   10:50  11.2    3:00   2.7   0.0   0.0   6.9  54.7   22:50    SE
13  16.3  19.0    9:50  11.6   00:00   2.0   0.0   5.8  13.2  69.2    9:00    SE
14  15.1  19.9   13:20   8.6    5:30   3.5   0.2   0.2   3.5  25.7   12:20    SW
15  18.7  20.5   15:00  17.6    5:10   0.1   0.5   0.6   7.9  32.2    8:30    SE
16  18.2  20.4   12:50  16.0    6:40   0.5   0.4   0.0   6.9  37.0   22:40    SE
17  17.6  20.9   15:30  11.3   23:50   1.2   0.5   0.0   7.2  41.8    9:30    SE
18  14.3  18.1   16:00  10.7    6:20   4.0   0.0   6.0   1.9  35.4   11:40     W
19  14.1  18.3   13:50   9.9    7:00   4.2   0.0   0.4   5.8  35.4   14:30     W
20  14.1  18.0   14:00  10.5   23:20   4.2   0.0   2.0   8.0  53.1   15:00     W
21  10.6  12.6    9:40   9.7    2:10   3.1   0.0   0.0   6.1  38.6    9:40     W
22
23
24
25
26
27
28
29
30
-------------------------------------------------------------------------------------
    15.0  22.6     8     5.6     7    69.9   4.3  18.2   5.3  69.2    13      SE

Max >=  32.0:  0
Max <=   0.0:  0
Min <=   0.0:  0
Min <= -18.0:  0
Max Rain: 5.99 ON 18/11/17
Days of Rain: 8 (> .2 mm) 4 (> 2 mm) 0 (> 20 mm)
Heat Base:  18.3  Cool Base:  18.3  Method: Integration