NOAA Reports/Αναφορές NOAA

Select a Year or Month report
2018 > Jan Feb Mar Apr May Jun Jul Aug Sep Oct Nov Dec
2017 > Jan Feb Mar Apr May Jun Jul Aug Sep Oct Nov Dec
2016 > Jan Feb Mar Apr May Jun Jul Aug Sep Oct Nov Dec
2015 > Jan Feb Mar Apr May Jun Jul Aug Sep Oct Nov Dec
2014 > Jan Feb Mar Apr May Jun Jul Aug Sep Oct Nov Dec

Report for 2018 02
                   MONTHLY CLIMATOLOGICAL SUMMARY for FEB. 2018

NAME: mesoxorio   CITY: Mesoxorio   STATE: Greece 
ELEV:   300 m  LAT:  35 00' 00" N  LONG:  25 12' 00" E

                   TEMPERATURE (C), RAIN  (mm), WIND SPEED (km/hr)

                                      HEAT  COOL        AVG
    MEAN                              DEG   DEG         WIND                 DOM
DAY TEMP  HIGH   TIME   LOW    TIME   DAYS  DAYS  RAIN  SPEED HIGH   TIME    DIR
------------------------------------------------------------------------------------
 1   9.9  13.5   15:00   4.1    8:00   8.3   0.0   0.0   2.1  24.1   23:50     W
 2  13.4  15.2   12:50  12.4    1:10   4.9   0.0   0.0   5.5  30.6   11:40   WSW
 3  13.7  15.1   10:30  11.7    7:30   4.6   0.0   0.0   5.8  32.2    3:30    SW
 4  14.6  17.3   15:10  10.1   22:40   3.8   0.0   0.0   7.7  46.7   17:20   ESE
 5  13.4  17.8   14:20   9.3    1:30   4.9   0.0   0.0   3.2  22.5   15:30    SE
 6  12.3  18.1   13:50   8.8   22:10   6.0   0.0   0.0   2.3  24.1   17:20    SE
 7  14.7  17.4   19:30   9.7    0:20   3.6   0.0   2.4  24.1  72.4   14:30    SE
 8  14.3  17.4   11:30  10.3   22:50   3.9   0.0   0.0   8.2  59.5    0:40     W
 9  11.7  13.7   15:40   8.3    3:30   6.6   0.0   0.2   1.6  20.9   23:10    SE
10  14.0  15.9   17:50  11.2    2:10   4.3   0.0   0.2  18.7  67.6   11:50    SE
11  12.7  15.2   12:50   8.0   23:50   5.6   0.0   0.0  15.6  54.7    0:10   WNW
12   9.3  15.1   14:30   4.0    7:30   9.0   0.0   0.0   2.6  25.7   14:00   WNW
13   9.6  15.2   14:00   2.7    7:40   8.8   0.0   0.6   4.3  30.6   13:00   WNW
14  11.7  14.1   14:30   9.1    5:50   6.6   0.0   1.4  11.7  57.9    5:30   WNW
15  10.3  13.3    9:40   6.8   23:40   8.0   0.0  17.4  11.1  64.4    8:40    SW
16   8.9  12.2   13:40   4.6    7:20   9.4   0.0   6.2   3.5  29.0   15:20    NE
17  10.9  12.4   13:40   9.9   23:50   7.4   0.0   1.8   6.8  32.2   11:30    NE
18  12.1  16.9   14:50   9.4    0:30   6.2   0.0   0.0   2.3  16.1    8:10    SE
19  10.2  10.4    0:20   9.9    1:40   1.9   0.0   0.0   1.6   6.4    0:10   SSE
20
21
22
23
24
25
26
27
28
-------------------------------------------------------------------------------------
    12.0  18.1     6     2.7    13   113.9   0.0  30.2   7.3  72.4     7      SE

Max >=  32.0:  0
Max <=   0.0:  0
Min <=   0.0:  0
Min <= -18.0:  0
Max Rain: 17.40 ON 15/02/18
Days of Rain: 8 (> .2 mm) 3 (> 2 mm) 0 (> 20 mm)
Heat Base:  18.3  Cool Base:  18.3  Method: Integration